{"id":894,"date":"2025-12-05T20:28:48","date_gmt":"2025-12-05T20:28:48","guid":{"rendered":"https:\/\/cfp1misiones.edu.ar\/?page_id=894"},"modified":"2025-12-09T20:09:42","modified_gmt":"2025-12-09T20:09:42","slug":"ceremonial-y-protocolo-2","status":"publish","type":"page","link":"https:\/\/cfp1misiones.edu.ar\/index.php\/oferta-formativa\/ceremonial-y-protocolo-2\/","title":{"rendered":"Ceremonial y Protocolo"},"content":{"rendered":"\t\t<div data-elementor-type=\"wp-page\" data-elementor-id=\"894\" class=\"elementor elementor-894\">\n\t\t\t\t<div class=\"elementor-element elementor-element-c99f256 e-flex e-con-boxed e-con e-parent\" data-id=\"c99f256\" data-element_type=\"container\">\n\t\t\t\t\t<div class=\"e-con-inner\">\n\t\t\t\t<div class=\"elementor-element elementor-element-20f39b7 elementor-widget elementor-widget-text-editor\" data-id=\"20f39b7\" data-element_type=\"widget\" data-widget_type=\"text-editor.default\">\n\t\t\t\t<div class=\"elementor-widget-container\">\n\t\t\t\t\t\t\t\t\t<p><strong>Denominaci\u00f3n del perfil profesional:<\/strong> Ceremonial y Protocolo<br \/><strong>Nivel de la certificaci\u00f3n:<\/strong> II<br \/><strong>Duraci\u00f3n:<\/strong> 4 Meses<\/p><h3>Alcance del perfil profesional<\/h3><p>El\/La profesional en Ceremonial y Protocolo est\u00e1 capacitado\/a para planificar, organizar y coordinar eventos institucionales, oficiales y empresariales.<br \/>Domina normas de ceremonial, precedencias, comunicaci\u00f3n institucional y organizaci\u00f3n de actos. Colabora en la gesti\u00f3n integral de eventos, garantizando orden, imagen profesional y cumplimiento de protocolos establecidos.<\/p>\t\t\t\t\t\t\t\t<\/div>\n\t\t\t\t<\/div>\n\t\t\t\t\t<\/div>\n\t\t\t\t<\/div>\n\t\t\t\t<\/div>\n\t\t","protected":false},"excerpt":{"rendered":"<p>Denominaci\u00f3n del perfil profesional: Ceremonial y ProtocoloNivel de la certificaci\u00f3n: IIDuraci\u00f3n: 4 Meses Alcance del perfil profesional El\/La profesional en Ceremonial y Protocolo est\u00e1 capacitado\/a para planificar, organizar y coordinar eventos institucionales, oficiales y empresariales.Domina normas de ceremonial, precedencias, comunicaci\u00f3n institucional y organizaci\u00f3n de actos. Colabora en la gesti\u00f3n integral de eventos, garantizando orden, imagen profesional y cumplimiento de protocolos [&hellip;]<\/p>\n","protected":false},"author":2,"featured_media":0,"parent":15,"menu_order":0,"comment_status":"closed","ping_status":"closed","template":"","meta":{"_themeisle_gutenberg_block_has_review":false,"footnotes":""},"class_list":["post-894","page","type-page","status-publish","hentry"],"_links":{"self":[{"href":"https:\/\/cfp1misiones.edu.ar\/index.php\/wp-json\/wp\/v2\/pages\/894","targetHints":{"allow":["GET"]}}],"collection":[{"href":"https:\/\/cfp1misiones.edu.ar\/index.php\/wp-json\/wp\/v2\/pages"}],"about":[{"href":"https:\/\/cfp1misiones.edu.ar\/index.php\/wp-json\/wp\/v2\/types\/page"}],"author":[{"embeddable":true,"href":"https:\/\/cfp1misiones.edu.ar\/index.php\/wp-json\/wp\/v2\/users\/2"}],"replies":[{"embeddable":true,"href":"https:\/\/cfp1misiones.edu.ar\/index.php\/wp-json\/wp\/v2\/comments?post=894"}],"version-history":[{"count":7,"href":"https:\/\/cfp1misiones.edu.ar\/index.php\/wp-json\/wp\/v2\/pages\/894\/revisions"}],"predecessor-version":[{"id":1037,"href":"https:\/\/cfp1misiones.edu.ar\/index.php\/wp-json\/wp\/v2\/pages\/894\/revisions\/1037"}],"up":[{"embeddable":true,"href":"https:\/\/cfp1misiones.edu.ar\/index.php\/wp-json\/wp\/v2\/pages\/15"}],"wp:attachment":[{"href":"https:\/\/cfp1misiones.edu.ar\/index.php\/wp-json\/wp\/v2\/media?parent=894"}],"curies":[{"name":"wp","href":"https:\/\/api.w.org\/{rel}","templated":true}]}}

<div data-elementor-type="wp-page" data-elementor-id="894" class="elementor elementor-894">
				<div class="elementor-element elementor-element-c99f256 e-flex e-con-boxed e-con e-parent" data-id="c99f256" data-element_type="container">
					<div class="e-con-inner">
				<div class="elementor-element elementor-element-20f39b7 elementor-widget elementor-widget-text-editor" data-id="20f39b7" data-element_type="widget" data-widget_type="text-editor.default">
				<div class="elementor-widget-container">
									<p><strong>Denominación del perfil profesional:</strong> Ceremonial y Protocolo<br /><strong>Nivel de la certificación:</strong> II<br /><strong>Duración:</strong> 4 Meses</p><h3>Alcance del perfil profesional</h3><p>El/La profesional en Ceremonial y Protocolo está capacitado/a para planificar, organizar y coordinar eventos institucionales, oficiales y empresariales.<br />Domina normas de ceremonial, precedencias, comunicación institucional y organización de actos. Colabora en la gestión integral de eventos, garantizando orden, imagen profesional y cumplimiento de protocolos establecidos.</p>								</div>
				</div>
					</div>
				</div>
				</div>

<p>Denominación del perfil profesional: Ceremonial y ProtocoloNivel de la certificación: IIDuración: 4 Meses Alcance del perfil profesional El/La profesional en Ceremonial y Protocolo está capacitado/a para planificar, organizar y coordinar eventos institucionales, oficiales y empresariales.Domina normas de ceremonial, precedencias, comunicación institucional y organización de actos. Colabora en la gestión integral de eventos, garantizando orden, imagen profesional y cumplimiento de protocolos [&hellip;]</p>
