{"id":85,"date":"2023-03-03T21:06:36","date_gmt":"2023-03-03T21:06:36","guid":{"rendered":"https:\/\/cfp1misiones.edu.ar\/?page_id=85"},"modified":"2024-03-04T01:40:32","modified_gmt":"2024-03-04T01:40:32","slug":"auxiliar-en-cuidados-gerontologicos","status":"publish","type":"page","link":"https:\/\/cfp1misiones.edu.ar\/index.php\/oferta-formativa\/auxiliar-en-cuidados-gerontologicos\/","title":{"rendered":"Auxiliar en cuidados gerontol\u00f3gicos"},"content":{"rendered":"\n<p>Denominaci\u00f3n del perfil profesional:\u00a0<strong>AUXILIAR EN CUIDADOS GERONTOL\u00d3GICOS<\/strong><br>Nivel de la Certificaci\u00f3n:\u00a0<strong>II<\/strong><br>Duraci\u00f3n:\u00a0<strong>9 meses<\/strong><\/p>\n\n\n\n<p><strong>Alcance del perfil profesional<\/strong><\/p>\n\n\n\n<p>Est\u00e1 capacitado, de acuerdo a las actividades que se desarrollan en el Perfil Profesional, para el apoyo, o sustituci\u00f3n de las actividades de la vida diaria de las personas, que por diferentes motivos (edad avanzada, fragilidad, o dependencia) no pueden hacerlas por s\u00ed solas. <\/p>\n\n\n\n<p>Asimismo, ser\u00e1 un promotor\/a de salud, en temas tales como: higiene y confort, alimentaci\u00f3n, recreaci\u00f3n y gesti\u00f3n de tr\u00e1mites administrativos. Asegurar\u00e1 el cumplimiento de prescripciones e indicaciones profesionales de las \u00e1reas socio sanitarias intervinientes.<\/p>\n\n\n\n<p>Para que las prestaciones de estos servicios sean eficientes, deben brindarse de manera continua y planificada, y siempre bajo supervisi\u00f3n profesional y responder a un trabajo interdisciplinario en el marco del proceso de desarrollo de pol\u00edticas y programas sociales.<\/p>\n","protected":false},"excerpt":{"rendered":"<p>Denominaci\u00f3n del perfil profesional:\u00a0AUXILIAR EN CUIDADOS GERONTOL\u00d3GICOSNivel de la Certificaci\u00f3n:\u00a0IIDuraci\u00f3n:\u00a09 meses Alcance del perfil profesional Est\u00e1 capacitado, de acuerdo a las actividades que se desarrollan en el Perfil Profesional, para el apoyo, o sustituci\u00f3n de las actividades de la vida diaria de las personas, que por diferentes motivos (edad avanzada, fragilidad, o dependencia) no pueden hacerlas por s\u00ed solas. Asimismo, [&hellip;]<\/p>\n","protected":false},"author":1,"featured_media":0,"parent":15,"menu_order":0,"comment_status":"closed","ping_status":"closed","template":"","meta":{"_themeisle_gutenberg_block_has_review":false,"footnotes":""},"class_list":["post-85","page","type-page","status-publish","hentry"],"_links":{"self":[{"href":"https:\/\/cfp1misiones.edu.ar\/index.php\/wp-json\/wp\/v2\/pages\/85","targetHints":{"allow":["GET"]}}],"collection":[{"href":"https:\/\/cfp1misiones.edu.ar\/index.php\/wp-json\/wp\/v2\/pages"}],"about":[{"href":"https:\/\/cfp1misiones.edu.ar\/index.php\/wp-json\/wp\/v2\/types\/page"}],"author":[{"embeddable":true,"href":"https:\/\/cfp1misiones.edu.ar\/index.php\/wp-json\/wp\/v2\/users\/1"}],"replies":[{"embeddable":true,"href":"https:\/\/cfp1misiones.edu.ar\/index.php\/wp-json\/wp\/v2\/comments?post=85"}],"version-history":[{"count":4,"href":"https:\/\/cfp1misiones.edu.ar\/index.php\/wp-json\/wp\/v2\/pages\/85\/revisions"}],"predecessor-version":[{"id":427,"href":"https:\/\/cfp1misiones.edu.ar\/index.php\/wp-json\/wp\/v2\/pages\/85\/revisions\/427"}],"up":[{"embeddable":true,"href":"https:\/\/cfp1misiones.edu.ar\/index.php\/wp-json\/wp\/v2\/pages\/15"}],"wp:attachment":[{"href":"https:\/\/cfp1misiones.edu.ar\/index.php\/wp-json\/wp\/v2\/media?parent=85"}],"curies":[{"name":"wp","href":"https:\/\/api.w.org\/{rel}","templated":true}]}}

Auxiliar en cuidados gerontológicos

<p>Denominación del perfil profesional: <strong>AUXILIAR EN CUIDADOS GERONTOLÓGICOS</strong><br>Nivel de la Certificación: <strong>II</strong><br>Duración: <strong>9 meses</strong></p>



<p><strong>Alcance del perfil profesional</strong></p>



<p>Está capacitado, de acuerdo a las actividades que se desarrollan en el Perfil Profesional, para el apoyo, o sustitución de las actividades de la vida diaria de las personas, que por diferentes motivos (edad avanzada, fragilidad, o dependencia) no pueden hacerlas por sí solas. </p>



<p>Asimismo, será un promotor/a de salud, en temas tales como: higiene y confort, alimentación, recreación y gestión de trámites administrativos. Asegurará el cumplimiento de prescripciones e indicaciones profesionales de las áreas socio sanitarias intervinientes.</p>



<p>Para que las prestaciones de estos servicios sean eficientes, deben brindarse de manera continua y planificada, y siempre bajo supervisión profesional y responder a un trabajo interdisciplinario en el marco del proceso de desarrollo de políticas y programas sociales.</p>

<p>Denominación del perfil profesional: AUXILIAR EN CUIDADOS GERONTOLÓGICOSNivel de la Certificación: IIDuración: 9 meses Alcance del perfil profesional Está capacitado, de acuerdo a las actividades que se desarrollan en el Perfil Profesional, para el apoyo, o sustitución de las actividades de la vida diaria de las personas, que por diferentes motivos (edad avanzada, fragilidad, o dependencia) no pueden hacerlas por sí solas. Asimismo, [&hellip;]</p>
