{"id":127,"date":"2023-03-03T21:20:55","date_gmt":"2023-03-03T21:20:55","guid":{"rendered":"https:\/\/cfp1misiones.edu.ar\/?page_id=127"},"modified":"2025-12-09T19:57:38","modified_gmt":"2025-12-09T19:57:38","slug":"electricista-industrial","status":"publish","type":"page","link":"https:\/\/cfp1misiones.edu.ar\/index.php\/oferta-formativa\/electricista-industrial\/","title":{"rendered":"Electricista Industrial"},"content":{"rendered":"\t\t<div data-elementor-type=\"wp-page\" data-elementor-id=\"127\" class=\"elementor elementor-127\">\n\t\t\t\t<div class=\"elementor-element elementor-element-76a14b80 e-flex e-con-boxed e-con e-parent\" data-id=\"76a14b80\" data-element_type=\"container\">\n\t\t\t\t\t<div class=\"e-con-inner\">\n\t\t\t\t<div class=\"elementor-element elementor-element-750e1720 elementor-widget elementor-widget-text-editor\" data-id=\"750e1720\" data-element_type=\"widget\" data-widget_type=\"text-editor.default\">\n\t\t\t\t<div class=\"elementor-widget-container\">\n\t\t\t\t\t\t\t\t\t<p><strong>Denominaci\u00f3n del perfil profesional:<\/strong> Electricidad Industrial<br \/><strong>Nivel de la certificaci\u00f3n:<\/strong> III<br \/><strong>Duraci\u00f3n:<\/strong> 9 Meses<\/p><h3>Alcance del perfil profesional<\/h3><p>El\/La profesional en Electricidad Industrial est\u00e1 preparado\/a para asistir en la instalaci\u00f3n, mantenimiento y reparaci\u00f3n de sistemas el\u00e9ctricos industriales. Puede trabajar con tableros, motores, protecciones, sistemas de automatizaci\u00f3n b\u00e1sica y maniobra. Conoce normas de seguridad el\u00e9ctrica, medidas de protecci\u00f3n, instrumentos de medici\u00f3n y procedimientos t\u00e9cnicos fundamentales para desempe\u00f1arse en entornos productivos, plantas industriales o empresas del sector energ\u00e9tico.<\/p>\t\t\t\t\t\t\t\t<\/div>\n\t\t\t\t<\/div>\n\t\t\t\t\t<\/div>\n\t\t\t\t<\/div>\n\t\t\t\t<\/div>\n\t\t","protected":false},"excerpt":{"rendered":"<p>Denominaci\u00f3n del perfil profesional: Electricidad IndustrialNivel de la certificaci\u00f3n: IIIDuraci\u00f3n: 9 Meses Alcance del perfil profesional El\/La profesional en Electricidad Industrial est\u00e1 preparado\/a para asistir en la instalaci\u00f3n, mantenimiento y reparaci\u00f3n de sistemas el\u00e9ctricos industriales. Puede trabajar con tableros, motores, protecciones, sistemas de automatizaci\u00f3n b\u00e1sica y maniobra. Conoce normas de seguridad el\u00e9ctrica, medidas de protecci\u00f3n, instrumentos de medici\u00f3n y procedimientos [&hellip;]<\/p>\n","protected":false},"author":1,"featured_media":0,"parent":15,"menu_order":0,"comment_status":"closed","ping_status":"closed","template":"","meta":{"_themeisle_gutenberg_block_has_review":false,"footnotes":""},"class_list":["post-127","page","type-page","status-publish","hentry"],"_links":{"self":[{"href":"https:\/\/cfp1misiones.edu.ar\/index.php\/wp-json\/wp\/v2\/pages\/127","targetHints":{"allow":["GET"]}}],"collection":[{"href":"https:\/\/cfp1misiones.edu.ar\/index.php\/wp-json\/wp\/v2\/pages"}],"about":[{"href":"https:\/\/cfp1misiones.edu.ar\/index.php\/wp-json\/wp\/v2\/types\/page"}],"author":[{"embeddable":true,"href":"https:\/\/cfp1misiones.edu.ar\/index.php\/wp-json\/wp\/v2\/users\/1"}],"replies":[{"embeddable":true,"href":"https:\/\/cfp1misiones.edu.ar\/index.php\/wp-json\/wp\/v2\/comments?post=127"}],"version-history":[{"count":12,"href":"https:\/\/cfp1misiones.edu.ar\/index.php\/wp-json\/wp\/v2\/pages\/127\/revisions"}],"predecessor-version":[{"id":1013,"href":"https:\/\/cfp1misiones.edu.ar\/index.php\/wp-json\/wp\/v2\/pages\/127\/revisions\/1013"}],"up":[{"embeddable":true,"href":"https:\/\/cfp1misiones.edu.ar\/index.php\/wp-json\/wp\/v2\/pages\/15"}],"wp:attachment":[{"href":"https:\/\/cfp1misiones.edu.ar\/index.php\/wp-json\/wp\/v2\/media?parent=127"}],"curies":[{"name":"wp","href":"https:\/\/api.w.org\/{rel}","templated":true}]}}