{"id":120,"date":"2023-03-03T21:19:26","date_gmt":"2023-03-03T21:19:26","guid":{"rendered":"https:\/\/cfp1misiones.edu.ar\/?page_id=120"},"modified":"2023-10-10T00:11:31","modified_gmt":"2023-10-10T00:11:31","slug":"electricista-de-automotores","status":"publish","type":"page","link":"https:\/\/cfp1misiones.edu.ar\/index.php\/oferta-formativa\/electricista-de-automotores\/","title":{"rendered":"Electricista de Automotores"},"content":{"rendered":"\n<p>Denominaci\u00f3n del perfil profesional:&nbsp;<strong>ELECTRICISTA DE AUTOMOTORES<\/strong><br>Nivel de la Certificaci\u00f3n:&nbsp;<strong><strong>I<\/strong>II<\/strong><br>Duraci\u00f3n:&nbsp;<strong>32 semanas<\/strong>&nbsp;(anual)<\/p>\n\n\n\n<p><strong>Alcance del perfil profesional<\/strong><\/p>\n\n\n\n<p>El Electricista de Automotores est\u00e1 capacitado, de acuerdo a las actividades que se desarrollan en este perfil, para atender al cliente, gestionar el servicio de reparaci\u00f3n y\/o mantenimiento de los sistemas el\u00e9ctricos y\/o componentes electromec\u00e1nicos del automotor, organizando y ejecutando el proceso de diagn\u00f3stico, reparaci\u00f3n y mantenimiento, operando instrumentos y equipamiento de medici\u00f3n.<\/p>\n\n\n\n<p>Este electricista automotriz trabaja con autonom\u00eda profesional, responsabiliz\u00e1ndose de la calidad del mantenimiento y la reparaci\u00f3n de los sistemas mencionados. Est\u00e1 en condiciones de conducir equipos de trabajo y dirigir emprendimientos de peque\u00f1a o mediana envergadura, de servicios el\u00e9ctricos propios de su campo profesional.<\/p>\n","protected":false},"excerpt":{"rendered":"<p>Denominaci\u00f3n del perfil profesional:&nbsp;ELECTRICISTA DE AUTOMOTORESNivel de la Certificaci\u00f3n:&nbsp;IIIDuraci\u00f3n:&nbsp;32 semanas&nbsp;(anual) Alcance del perfil profesional El Electricista de Automotores est\u00e1 capacitado, de acuerdo a las actividades que se desarrollan en este perfil, para atender al cliente, gestionar el servicio de reparaci\u00f3n y\/o mantenimiento de los sistemas el\u00e9ctricos y\/o componentes electromec\u00e1nicos del automotor, organizando y ejecutando el proceso de diagn\u00f3stico, reparaci\u00f3n y [&hellip;]<\/p>\n","protected":false},"author":1,"featured_media":0,"parent":15,"menu_order":0,"comment_status":"closed","ping_status":"closed","template":"","meta":{"_themeisle_gutenberg_block_has_review":false,"footnotes":""},"class_list":["post-120","page","type-page","status-publish","hentry"],"_links":{"self":[{"href":"https:\/\/cfp1misiones.edu.ar\/index.php\/wp-json\/wp\/v2\/pages\/120","targetHints":{"allow":["GET"]}}],"collection":[{"href":"https:\/\/cfp1misiones.edu.ar\/index.php\/wp-json\/wp\/v2\/pages"}],"about":[{"href":"https:\/\/cfp1misiones.edu.ar\/index.php\/wp-json\/wp\/v2\/types\/page"}],"author":[{"embeddable":true,"href":"https:\/\/cfp1misiones.edu.ar\/index.php\/wp-json\/wp\/v2\/users\/1"}],"replies":[{"embeddable":true,"href":"https:\/\/cfp1misiones.edu.ar\/index.php\/wp-json\/wp\/v2\/comments?post=120"}],"version-history":[{"count":3,"href":"https:\/\/cfp1misiones.edu.ar\/index.php\/wp-json\/wp\/v2\/pages\/120\/revisions"}],"predecessor-version":[{"id":204,"href":"https:\/\/cfp1misiones.edu.ar\/index.php\/wp-json\/wp\/v2\/pages\/120\/revisions\/204"}],"up":[{"embeddable":true,"href":"https:\/\/cfp1misiones.edu.ar\/index.php\/wp-json\/wp\/v2\/pages\/15"}],"wp:attachment":[{"href":"https:\/\/cfp1misiones.edu.ar\/index.php\/wp-json\/wp\/v2\/media?parent=120"}],"curies":[{"name":"wp","href":"https:\/\/api.w.org\/{rel}","templated":true}]}}